 the units digit of (1 - -34) + (-4)/2?
3
Suppose 3*o - 15 = f, -5*f + o + 1 - 6 = 0. Let p(w) = w**2 + 4*w + 3. Let m be p(-5). What is the units digit of 2 + m/2 - f?
6
Let p(f) = -2*f**3 + f**2 + f + 3. What is the units digit of p(-2)?
1
Let d be 3/6*(6 + 0). Suppose t - 28 = -d*t. What is the units digit of t?
7
Let m = 411 + -195. What is the units digit of m?
6
Let i = -35 - -96. What is the tens digit of i?
6
Let v(h) = h + 8. Let i be (-2)/4*0/(-5). What is the units digit of v(i)?
8
Let m(n) be the first derivative of -2 - n**2 + 0*n**2 + 2*n**2 + n. What is the tens digit of m(5)?
1
Let q = -74 - -203. Suppose 2*v - 5*v = -q. What is the units digit of v?
3
Suppose 0 = -3*p - 0 - 15. Let l be (-5)/(p/2) - -18. Suppose x + 4*x - l = 0. What is the units digit of x?
4
Let s be 20/(-12) - 2/6. Let h = 3 + s. Suppose 3*y = -p + 18, 5*y - h = p - 3. What is the tens digit of p?
1
Suppose 0 = -3*z - 4*u + 117, -3*z - z = -4*u - 184. What is the units digit of z?
3
Let z(h) = -h**3 - 10*h**2 - 10*h + 3. Suppose 2*b - 2 + 20 = 0. What is the units digit of z(b)?
2
Suppose -8 = -4*i - 0. Suppose 3*z + i = 4*x, -4 = -x + z - 2*z. Let a(f) = -f**3 + 2*f**2 + 1. What is the units digit of a(x)?
1
Let k(y) = y**2 - 4. Let x be k(4). Suppose 0 = 5*m + x + 48. Let u = -7 - m. What is the units digit of u?
5
Suppose 2*i = 85 + 167. What is the units digit of i?
6
Let d be 15/10*(1 - -1). Let w = 0 - d. What is the tens digit of w*(1 + -4 - 3)?
1
Suppose 2*u = 34 + 44. What is the tens digit of u?
3
Suppose 5*l = 4*j - 217, -3*j + 2*l = -4*j + 38. What is the tens digit of j?
4
Let q = -40 + 46. What is the units digit of q?
6
What is the units digit of 1208/24 - 3/9?
0
Let u be 2/8 - 55/(-20). Let x(o) = 24*o + 1. Let s be x(u). Suppose -3 = -4*l + s. What is the tens digit of l?
1
Suppose -2*l + 154 = -24. What is the tens digit of l?
8
What is the units digit of (-15)/45 + 244/3?
1
Suppose 46 = 5*h - 104. What is the units digit of h?
0
Let n(u) = u**3 - 4*u**2 - 5*u. Let k be n(5). Suppose k = 2*g - 3*s + 2*s - 27, -5*g = s - 64. What is the tens digit of -2 + (g - (-3 + 2))?
1
What is the tens digit of -1 + 4 - (-1430)/26?
5
Let z(q) = -20*q + 1. Let j(m) = 2*m**3 + 1. Let n be j(-1). What is the tens digit of z(n)?
2
Suppose 4*p - 4*b = b - 1, 38 = 3*p + 4*b. What is the units digit of p?
6
Suppose 0 = -4*h - 0*n + 3*n + 249, h - 66 = 2*n. What is the tens digit of h?
6
Suppose 2*p = -6, 2*o + p + 0*p = -1. Let a(b) = 4*b**2 + b - 2. What is the units digit of a(o)?
3
Let c be 3*(-4)/(-6) - -39. Let y = c - 29. What is the tens digit of y?
1
Let b(z) = z + 2. Let h be b(-4). Let q = 35 + h. What is the units digit of q?
3
Let c(q) be the second derivative of 5/2*q**2 + 2*q + 2/3*q**3 - 1/12*q**4 + 0. What is the units digit of c(4)?
5
Suppose -p + 0*p + 2 = 0. Suppose 34 = 4*l + p. What is the units digit of l?
8
Suppose -6 = -0*q - q. Let l(i) = 3*i - 8. Let u be l(q). Suppose u = -c + 6*c. What is the units digit of c?
2
Suppose 0*h + 20 = h. What is the tens digit of h?
2
Suppose 2*v - 60 = -2*v. What is the tens digit of v?
1
Let r(s) be the second derivative of 5*s**4/12 - s**3/6 + 15*s. Suppose -5*a + 2 + 3 = 0. What is the units digit of r(a)?
4
Suppose -10*c = -7*c - 39. What is the tens digit of c?
1
Suppose 2*v - 5 - 3 = 3*k, -3*v + k = -26. What is the tens digit of v?
1
Suppose -5 = -0*d - 5*d. What is the units digit of d?
1
Let o = 4 + -8. Suppose 0 = 3*x - 0*x - 24. What is the units digit of (0 - 14)*o/x?
7
Suppose -j = 5*t - 19, 0*t - 11 = -3*t - j. What is the tens digit of (-1 - t)*78/(-15)?
2
Let f be (6 - 1)*2/(-5). What is the units digit of f - 0/(-2) - -15?
3
Let m be 939/21 + (-2)/(-7). Suppose -4*j + 19 + m = 0. What is the tens digit of j?
1
Let a = -154 - -215. What is the units digit of a?
1
Suppose -4*w - 3*s - 2*s + 4 = 0, 2*s + 12 = -5*w. Let f(r) = -5*r - 2. What is the tens digit of f(w)?
1
Let h(f) = 20*f + 23. What is the hundreds digit of h(14)?
3
Let j(x) = -x**3 - 4*x**2 - 20*x - 22. What is the hundreds digit of j(-7)?
2
Suppose -5*l + 2*d + 356 = 0, -5*d + 74 = l - 4*d. What is the tens digit of l?
7
Let q(m) = -6 + 0 + 3 + m + 0*m. What is the units digit of q(5)?
2
Suppose 11 = 4*t - 37. Suppose 4*j + 37 - 109 = 0. Let h = j - t. What is the units digit of h?
6
Let a(p) = 27*p**3 + 2*p**2 - p. Let x be a(1). Suppose -5*k + x = -k. What is the units digit of k?
7
Let p(n) be the third derivative of n**6/60 - n**5/12 - 5*n**4/24 + n**3 + 5*n**2. What is the tens digit of p(4)?
3
Suppose 0 = v - 0 - 37. Let t = v + 1. What is the tens digit of t?
3
Let s(f) = f**3 + 8*f**2 - 2*f - 2. What is the units digit of s(-8)?
4
Suppose -4*m - m = -15. What is the tens digit of (3 - m)/(-1) + 49?
4
Let d = 45 + -25. What is the units digit of d?
0
Suppose -265 = 57*t - 62*t. What is the tens digit of t?
5
Let u(o) = o + 19. Let n(k) = -8*k**2 + k. Let g be n(-1). What is the tens digit of u(g)?
1
Let t(z) = z**3 + 3*z**2 - 2*z + 4. Suppose 4*p - 11 = 1. Suppose p*j = 15, 0 = 3*v + 3*j - 2*j + 4. What is the units digit of t(v)?
0
Let f be 1/((3 + 0)/(-3)). Let t be (-1)/((f + -2)/9). Suppose t*v - 5*d - 64 = 0, 0 = d + 5. What is the units digit of v?
3
Let r(d) be the second derivative of -d**3/6 + 7*d**2/2 - d. What is the units digit of r(0)?
7
Suppose 40*p - 168 = 36*p. What is the units digit of p?
2
Suppose -4*i + 9*i - g = 14, -5*i - g = -6. Suppose 6*f - 4*f - 14 = -i*a, -2*a - f + 14 = 0. What is the units digit of a?
7
Let h(n) = n - 2. Let v(f) = 3*f - 3. Let y(w) = -5*h(w) + 2*v(w). What is the tens digit of y(11)?
1
What is the units digit of (2/3)/(3/81)?
8
Let x = 15 + 2. Suppose 2*m = -5*a - x, -2*a = -3*m + a + 27. Suppose 0 = -m*o + 6*o - 20. What is the units digit of o?
0
Let s be (-57)/1*(-14)/21. Suppose -2*k + 0*i + s = -5*i, 5*i - 57 = -3*k. What is the tens digit of k?
1
Let u(s) be the first derivative of s**2/2 + s + 2. Let b be u(4). Suppose 0*g = b*g - 20. What is the units digit of g?
4
Suppose -2*j - j + 27 = 0. Let z = j + 3. What is the units digit of z?
2
Suppose 2*h - 9 = -1. Suppose -5 - 67 = -h*w. What is the units digit of w?
8
Let c be 20/6*(-12)/8. Suppose -a + 0*a - 58 = 0. What is the tens digit of (-4)/(-10) + a/c?
1
Let h be (12/15)/(8/20). Suppose -4*w - h = -6. Let v = w - -2. What is the units digit of v?
3
Suppose 2*v + 2*v = 4. Suppose x - v = 5. What is the units digit of (14/x + -1)*3?
4
Let t = -4 - -2. Let l be (0/t)/(-1 + 2). Suppose 4*g + l*g = 8. What is the units digit of g?
2
Let p(u) = -u**3 - u**2 + 4*u - 1. Let z be p(-3). Suppose z*b - 13 = 27. Suppose -3*i = -4*i + b. What is the units digit of i?
8
Suppose 139 = 4*i - 85. Suppose 0 = -2*m - 4*n + i, -3*m - 3*n + 69 = -0*m. What is the tens digit of m?
1
Let n be (44/6)/((-6)/(-9)). Let b be (-8)/(-44) + 42/n. Let g(h) = h**2 - 2*h - 1. What is the units digit of g(b)?
7
Let q(o) be the third derivative of o**6/120 + o**5/30 - o**4/6 + 10*o**2. What is the units digit of q(3)?
3
Let x(z) = z**2 + 8*z + 8. Let c = 6 - 5. Let m = c + -9. What is the units digit of x(m)?
8
Let u(d) = 3*d**2 + 5*d - 3. What is the tens digit of u(3)?
3
What is the tens digit of (1 - 2)*37*(-10 - -9)?
3
Let b(k) = -k - 3. Suppose -4*x + h - 4 = -h, -5*h - 5 = -5*x. Let j be b(x). Suppose i + 3*p - 2 + 3 = j, 0 = i + 2*p - 2. What is the units digit of i?
8
Suppose 3 = v - 0*v. Suppose -5 = g - 5*q, v*q = 1 + 8. What is the tens digit of g?
1
Let v be 1/(-3)*6*-1. Let r(i) = 2*i**2 + 4 - 2 - i**v - 2*i. What is the units digit of r(3)?
5
Let q = 46 + -27. What is the units digit of q?
9
Suppose 10 = -3*g - 5. Let p(c) = -6*c - 2. What is the units digit of p(g)?
8
Suppose -2*z + 4*a = -298, 4*z - 568 = 3*a + 23. Let j be (-2)/6 - z/(-9). Let b = 31 - j. What is the units digit of b?
5
Let s be (-1)/(2/4) + 1. Let d be 3*(s - -4 - 4). What is the units digit of d + 2 + 12/2?
5
Suppose 0 = -4*f - 16 - 8. Let p(u) = -2*u - 7. Let h be p(f). Suppose -a + 15 = -h*t, 4*a + 4*t - 56 = 28. What is the units digit of a?
0
Let n = 37 + -80. Let x = -28 - n. What is the units digit of x?
5
Let t = -3 - -2. Let r be ((-9)/t)/(15/10). Suppose 3*y = 5*p + 24, -4*p - 40 = y - r*y. What is the units digit of y?
8
Suppose 0 = -5*k - 2*r